ose r - 6 - 16 = 0. What is the units digit of r?
2
Let b(l) = -l**3 - l**2 + l + 1. Let y be b(-1). Let f = 2 + 0. Let a = y + f. What is the units digit of a?
2
What is the hundreds digit of ((-25)/10)/(2/(-116)*1)?
1
Let c be (1/3)/((-3)/(-45)). Suppose -c*m - 16 = -6. What is the units digit of (-12)/1*(1 + m)?
2
Let h be (-4)/(-4)*-1 - 3. Let k = h + 5. What is the units digit of k?
1
Suppose h = 5*z - 98, 18 + 72 = 5*z - 5*h. What is the units digit of z?
0
Let u(r) = -r**3 - 4*r**2 - r - 1. Let y be u(-4). Suppose -40 = -y*f + 17. What is the units digit of f?
9
What is the tens digit of ((-1360)/(-28))/(4/14)?
7
Suppose 2*z + 3 = 5*z. Let q(a) = -a**3 + 7*a**2 - 5*a + 8. Let j be q(6). What is the units digit of ((-2)/(-4))/z*j?
7
Let m = 22 + 4. What is the tens digit of m?
2
Suppose 47*h = 51*h - 76. What is the tens digit of h?
1
Let q = -6 - -4. Let t be (q/2)/(1/(-41)). Suppose -3*o - 5*g = -0*o - t, g = o - 3. What is the units digit of o?
7
Let n(g) = -109*g - 4. What is the units digit of n(-1)?
5
Let t(d) = 2*d + 15. What is the tens digit of t(8)?
3
Let r(h) = -2*h - 1. Let p be r(-2). Let w(m) = 10*m**2 + 2 - 8*m + 3*m**p + 10 - 4*m**3. What is the units digit of w(9)?
1
Suppose 3 = -u + 32. What is the units digit of u?
9
Suppose 19*v = 6*v + 3367. What is the units digit of v?
9
Let d = -165 - -342. What is the hundreds digit of d?
1
Suppose -1 = 4*w - 13. Suppose -2*d - 2*a + 16 = 0, -2*d + 28 = -a - w*a. Suppose 0 - d = -s. What is the units digit of s?
0
Suppose 8 = 5*b + 3*d, 0 = b - 4*d - 4 + 7. Suppose 2*p + 4*r + 12 = 4*p, p - 12 = 4*r. Let n = b + p. What is the units digit of n?
1
Let t be (-1)/3 + (-470)/(-15). Let g = -22 - -39. Let p = t - g. What is the units digit of p?
4
Let s = -7 - -5. What is the units digit of -3*((-3 - s) + -3)?
2
Let t = -161 + 222. What is the units digit of t?
1
Let v be 0/(-2 + (-1 - -1)). Let w = 2 - v. What is the units digit of w?
2
Let a be (3/4)/(4/(-16)). What is the units digit of (-3 - -3) + (-6)/a?
2
Suppose -5*z = 5*k - 0*z + 25, k + 5*z = -21. Let l be (10/(-4))/(k/2). What is the units digit of l + 2 + 3/(-3)?
6
Let h = 12 + 21. What is the tens digit of h?
3
Let a(v) = -v**2 - 21*v - 4. What is the tens digit of a(-20)?
1
Suppose c - 18 = -3*o, -3*c + 15 = o + 1. Suppose 2*y - 16 = c*y. Let v = -11 - y. What is the units digit of v?
5
Let m be (0 - -3)/((-6)/(-20)). Let d(h) be the second derivative of h**4/12 - 3*h**3/2 - 3*h**2/2 + h. What is the units digit of d(m)?
7
Let n be (-931)/(-63) - 2/(-9). Suppose 4 = -z - 3*x + n, 4*z = -4*x + 60. What is the units digit of z?
7
Suppose a + 2*h = 5*h + 2, 3*a + h = 6. Let z(w) = w**3 + 7*w - 5*w**2 + 2*w**3 - a*w**3 - 6. What is the units digit of z(4)?
6
Suppose -z - 47 = -5*f, -4*f = -2*z - 6 - 28. What is the units digit of f?
0
Suppose 5*k + 2*c = 42, -4*k - 5*c + 29 = -k. What is the units digit of k/12 - 88/(-3)?
0
What is the tens digit of (-1734)/(-22) + 4/22?
7
Let x(c) be the third derivative of c**4/8 - 5*c**3/6 - 2*c**2. What is the units digit of x(4)?
7
Let d(a) = a**2 - 6*a - 2. Let v(k) = -2*k + 2. Let s be v(5). Let l = s + 15. What is the units digit of d(l)?
5
What is the units digit of 12*2 + 2 + 0?
6
Let r = -73 + 106. What is the tens digit of r?
3
Let t(z) = -13 - 3*z**2 + 9*z + 2*z**2 + 4. Let i be t(8). What is the units digit of (1/i)/(1/(-11))?
1
Suppose 5*a - 490 = -0*a. Suppose 2*n = 4*n - a. What is the units digit of n?
9
Suppose h = -4*h + 3*s + 277, 3*h - 170 = -2*s. Suppose 5*a - h = 3*c, 2*a = -c - 4*c + 41. What is the units digit of a?
3
Suppose 5*b + 9 = 2*r, -3*b + 7*b + 12 = 0. What is the units digit of (-12 + r)/(1/(-2))?
0
Let l be (-2 + 1)*(-10 + 2). Suppose 0 = -h + 5*f + 13 + l, -4 = 2*f. Let z = h - 8. What is the units digit of z?
3
What is the units digit of (-519)/(-27) - (-2)/(-9)?
9
Suppose 0*l = -l. Let h = l - -1. What is the units digit of -2 - (-8 - (-2 - h))?
3
Suppose -g + 10 = 120. Let u = 157 + g. What is the units digit of u?
7
Suppose f - 4*f = 3. What is the units digit of (f - -6)/(4/8)?
0
Let c(i) = i**2 - 7*i - 11. Let m = -7 + 2. What is the units digit of c(m)?
9
Let q(a) be the first derivative of -5/2*a**2 + 1 + 2*a. What is the tens digit of q(-2)?
1
Let x(d) = -13*d - 1. Let g be ((-2)/6)/(2/6). What is the tens digit of x(g)?
1
Let h(f) = -10*f + 11*f + 10 - 1. What is the units digit of h(11)?
0
What is the units digit of (72/42)/(2/14)?
2
Suppose -3*x - 2*y + 3 = -2, 0 = 4*x + 5*y - 9. Suppose -2*c + 4 = 3*w - x, -2*c - 5*w + 7 = 0. What is the tens digit of c + 16 - (-4)/(-4)?
1
Suppose 2*o = 3*g - 10, -5*g + 5 = -0*o - o. Suppose -6 = -g*a - 2*a. What is the units digit of a?
3
Suppose 3 = 4*i - 9. Let m = -14 + 20. What is the tens digit of 1 - (m - i - 18)?
1
Suppose -152 = 5*y - 9*y. What is the tens digit of y?
3
Suppose 3*w - 4*f - 26 = 0, -3*w + 0*w = 5*f - 8. What is the units digit of w?
6
Let v(r) = r**3 + 6*r**2 - 6*r + 10. Let w be v(-7). Suppose -2*l - 3*a = -16 - 6, 4*a = -w*l + 34. What is the tens digit of l?
1
Let u(r) = -3*r - r**2 + 5 + 5*r**2 - r**2 + r**3. What is the units digit of u(-4)?
1
Suppose -2*w - 43 = -3*w. What is the tens digit of w?
4
Let q = 13 - 7. What is the units digit of (-4)/q + 310/15?
0
Let w(u) = -u**3 - 2*u**2 + 6*u - 3. Let a be w(4). Let f = a + 127. Let m = f - 37. What is the tens digit of m?
1
Suppose g = 5*q + 14 - 68, 3*q - 5*g = 50. What is the units digit of q?
0
Let h = -545 + 795. What is the hundreds digit of h?
2
Suppose -4 = x - 3*x. Let t(c) = -2*c + 7 - c + c**3 - 6*c**x + 2*c. What is the units digit of t(6)?
1
Suppose -4 = 3*g - 16, -g + 86 = k. What is the tens digit of k?
8
Suppose 0*k = -2*k + 5*h - 10, 2*h - 4 = 4*k. Let d = 4 + k. Suppose d*z + 0 = 4*v - 4, -3*v - 4*z + 31 = 0. What is the units digit of v?
5
Suppose -68 - 28 = -2*f + 2*n, -f = 2*n - 48. What is the tens digit of f?
4
Suppose -4*h + 7 = -89. What is the tens digit of h?
2
Let m be -12 + -2 - (1 + 0). Suppose 0 = t + 12 - 3. Let c = t - m. What is the units digit of c?
6
Let x be (-95)/(-2) + 12/8. Let m = x + -24. What is the tens digit of m?
2
Let k be (8/(-16))/(1/(-184)). Suppose 0 = 4*l - 2*p - k, -4*p = -3*p. What is the tens digit of l?
2
Let u(b) = -b**3 + b**2 + 3*b - 3. Let n be u(2). What is the units digit of (-10)/(-6) + n/(-3)?
2
Suppose 0 = -5*j + 25 - 5. Suppose 6*m - 3*m = -3*s + 12, -m + 22 = j*s. What is the units digit of s?
6
What is the units digit of (-2226)/(-15) - 8/20?
8
Let l = 10 + -5. What is the units digit of l - (3/(-3) + -1)?
7
Suppose 0 = 5*b - 10, 0 = m + 5*b - 78 - 45. What is the tens digit of m?
1
Let n(b) = 23*b + 4. What is the tens digit of n(3)?
7
Suppose -2*x - 3*k + 21 = 0, 2*x = x + 5*k + 4. What is the units digit of x?
9
What is the hundreds digit of ((-54)/4)/(69/(-1196))?
2
Let r = 1 + 2. Suppose -r*i - 2*m + 7*m = -68, 0 = 3*i - m - 88. Let t = i + -19. What is the tens digit of t?
1
Let g(t) = -47*t. What is the units digit of g(-1)?
7
Let q be ((-2)/8)/((-5)/20). Let p(f) = 4*f - 4*f - f - q - 1. What is the units digit of p(-6)?
4
Let k be (-74)/(-10) + 20/(-50). Suppose 61 = 2*q + k. What is the tens digit of q?
2
Suppose 0 = 7*w - 8*w + 23. What is the tens digit of w?
2
Suppose -2*t - 30 = 3*g + t, 0 = -4*g - 3*t - 40. Let u = g - -19. What is the units digit of u?
9
Let l be 51/6*(-6)/(-3). Suppose z - 5*r = l, 31 = 6*z - 3*z + 5*r. Suppose z = 2*u + 2*u. What is the units digit of u?
3
Let p(n) = -n**2 - 8*n - 8. Let f be p(-6). Suppose 2*k - 2 - f = 0. What is the units digit of k?
3
Suppose 0 = 2*i - 6 + 2. What is the units digit of i?
2
Suppose -633 = 9*t - 2199. What is the units digit of t?
4
Suppose -146 = g - 356. What is the hundreds digit of g?
2
Let r = 3 + -1. Suppose 5*d = 12 - r. Suppose d*c = 8 + 6. What is the units digit of c?
7
Suppose -10 = -2*m - 2. Suppose 80 = -0*r + m*r. What is the units digit of r?
0
Suppose -4*f + 3 = -5*f, 0 = 3*s - 3*f - 18. Suppose 2*l + 4 = s*l. What is the units digit of l?
4
Let k(m) = -m + 2. Let u be k(4). Let d be 0/(u + 1/1). Suppose -3*o + 6 + 9 = d. What is the units digit of o?
5
Suppose -5*a - 3*x = -54, -3*a - 3*x - 42 = -6*a. Let f = a + 0. What is the tens digit of f?
1
Let c = -11 + 52. What is